j*r = 4*g - 568. List the prime factors of r.
2, 23
Let y = -30627 - -71155. List the prime factors of y.
2, 17, 149
Let c(r) = -3013*r + 2001. List the prime factors of c(-6).
3, 23, 97
List the prime factors of 4066 + 0 - 480/(-60).
2, 3, 7, 97
Let l(s) be the first derivative of 23*s**2 + 8*s + 17. Let j be l(-3). Let q = j - -220. List the prime factors of q.
2, 3, 5
Suppose 38*f - 3382 = 36*f. Suppose -3*c = -5*l - f, 12*c + 4*l = 8*c + 2212. What are the prime factors of c?
557
What are the prime factors of -16 + 3/(-6)*-14 - -7482?
3, 47, 53
Let r(t) be the first derivative of 2 + 13*t - 4/3*t**3 + 5/2*t**2 - 1/4*t**4. What are the prime factors of r(-6)?
5, 11
Let q be -1 + -3 + -18 + 22. Suppose -6*b - 64 - 188 = q. Let k = 86 + b. List the prime factors of k.
2, 11
Let v(k) = -2*k**3 + 14*k**2 - 46*k - 680. What are the prime factors of v(-11)?
2, 3, 17, 41
Suppose 9490 = 19*v - 6*v. Let n = v - 313. List the prime factors of n.
3, 139
Let a(k) = 14*k**2 - 1. Let t(x) = -9*x - 20 - x**2 + 0*x + 4*x**2 - 4*x**2. Let l be t(-6). List the prime factors of a(l).
5, 11
Suppose 294*j = -24*j + 750162. What are the prime factors of j?
7, 337
Let k = -182 + 252. Suppose 4*b + 5*a - 292 = 9, -4*a - k = -b. What are the prime factors of b?
2, 37
Let o = 52 - 49. Suppose 36 = 4*j - 4*b, 61 = 4*j - 2*b + o*b. Let p = j - -11. List the prime factors of p.
5
Let l be -2 + 7 + -2 + 1350. Suppose -5103 = -6*h + l. Suppose 7*o - 11*o + h = 0. List the prime factors of o.
269
Suppose -h + 5*n + 1 = h, 5*h + 3*n - 80 = 0. Suppose h*z - 8*z = 25. Suppose 5*t = -25, 5*p - 2*t + z*t - 450 = 0. List the prime factors of p.
3, 31
Suppose -727*w = -2*c - 732*w + 126788, -4*c + 4*w + 253576 = 0. List the prime factors of c.
2, 29, 1093
Let t = 12 + -5. Suppose t*o = 3*o - 3*s + 773, -o + 198 = -4*s. List the prime factors of o.
2, 97
Suppose 22*i + 1628 = 10*i + 13*i. List the prime factors of i.
2, 11, 37
Suppose -k = 5*n - 4, 2*k - 5*k = 3*n - 12. Suppose -4 = 2*x - 2*z - 6, x + k*z = -24. List the prime factors of (-706)/(-8) - (65/20 + x).
89
Let f(r) = -745*r**3 - 33*r**2 - 14*r - 10. List the prime factors of f(-4).
2, 23599
Suppose -7*r + r = 0. Let h(w) be the first derivative of w**4/4 - w**2/2 + 52*w - 2. What are the prime factors of h(r)?
2, 13
Suppose -c + 9740 = -t, -38978 = -8*c + 4*c + t. List the prime factors of c.
2, 11, 443
Let g(l) = l**3 + l**2 - 2*l - 70. Let t be g(0). List the prime factors of 3/((-21)/t)*62.
2, 5, 31
Suppose 3*v + 42*v = -v + 22448. What are the prime factors of v?
2, 61
Let d(a) = a**3 - 5*a**2 - 13*a - 2. Let u be d(7). Suppose -3*l + 2*p = 6*p + 323, 10 = -u*p. List the prime factors of (-226)/(-30)*11 - 14/l.
83
Suppose 3*z - 8 = -2*v, 3*z = 6*v - 4*v + 16. Suppose 0 = 2*u + 4*s - 264, 5*u = s + z*s + 735. List the prime factors of u.
2, 71
Suppose 27*w - 28*w = -1. Let m(c) = -51*c**3 - 5*c + 6. Let s(v) = v**3 - v + 1. Let h(x) = -m(x) + 5*s(x). What are the prime factors of h(w)?
5, 11
Let q(m) = 3 + 2 - 3 - 73*m. Let r be q(-1). Suppose r + 5 = 4*k. List the prime factors of k.
2, 5
Let t = 416 + -488. What are the prime factors of (-32)/t + -338*94/(-36)?
883
Suppose -d + 1796 = -2*r, 1153 = 5*d - r - 7755. Let f be 3590/3 + (-2)/3. Suppose f = 12*o - d. What are the prime factors of o?
2, 31
Suppose -13 - 83 = 2*a - 3*y, 0 = -5*a - 2*y - 202. Let q = 45 - a. What are the prime factors of q?
3, 29
Let j(x) = x**2 - x - 33. Let d be j(12). Suppose -9*k + d = 2*k. Let f(c) = 3*c**2 - 4*c - 32. What are the prime factors of f(k)?
5, 7
Suppose d - 3*y + 14 = 2*d, 0 = -3*d + 5*y - 14. Suppose -4*i + 4*f + 3 + 37 = 0, d = i + f. What are the prime factors of (8/(-6))/(i/(-342))?
2, 19
Suppose -27*m = -22*m - 3200. Let t = m + 705. List the prime factors of t.
5, 269
Let c(g) be the first derivative of g**3 + 11*g**2/2 - 22*g + 2. List the prime factors of c(-7).
2, 3
Suppose 6*y - 2*y = 5*y. List the prime factors of (-61*(-10 + y))/(2*1).
5, 61
Let u = -126 + 146. What are the prime factors of ((-30)/u)/((-3)/1402)?
701
Suppose 0 = -3*t - 23 + 11, -m = t - 16749. List the prime factors of m.
11, 1523
Let h(x) = x**3 - 48*x**2 + 52*x - 237. Let w be h(47). What are the prime factors of (5/w - -1)*-692?
2, 3, 173
Let k = 2116 + -771. Let n = -9 + k. What are the prime factors of n?
2, 167
Let j(q) be the third derivative of 5*q**4/24 + 7*q**3/3 - 12*q**2. Let i be j(-5). Let u(v) = v**3 + 11*v**2 - 8*v - 16. What are the prime factors of u(i)?
2, 3
Let h = 4023 - -5210. What are the prime factors of h?
7, 1319
Let z(n) = 101*n - 313. Let d be z(3). Let u(m) = -3*m - 1. Let l be u(3). What are the prime factors of (-1)/l + (-869)/d?
3, 29
Let q be (2/(-6)*173)/((-7)/21). Suppose -q = 18*w - 2081. What are the prime factors of w?
2, 53
Suppose r + 152854 = 5*y, 2*y + 21596 = -r + 82732. List the prime factors of y.
2, 3, 5, 1019
Let s(a) = 6423*a - 2603. List the prime factors of s(9).
2, 37, 373
Suppose 4*n = 4*i - 10904, -387*i + 382*i + 13636 = -3*n. What are the prime factors of i?
2729
Let m(a) be the second derivative of -a**5/20 + 11*a**4/12 + 3*a**3/2 - 35*a**2/2 - 5*a. What are the prime factors of m(-7)?
2, 7
Suppose 2*r + 381 = 4*i - 367, -4*r - 1463 = 3*i. Let k = r + 387. What are the prime factors of k?
19
Let p(o) = -32*o + 48. Let q be p(-22). Let k = -421 + q. What are the prime factors of k?
331
Suppose 0 = 14*i - 32*i + 6462. Let x = 815 - i. List the prime factors of x.
2, 3, 19
Let s(m) = -165*m - 4028. What are the prime factors of s(-80)?
2, 2293
Let z(c) = c**2 + 7*c - 22. Let h be z(-9). List the prime factors of 538/h*((1 - -3) + -6).
269
Let j(z) = 10 - 2*z**3 - 6751*z + 0*z**2 + 5*z**2 + 6742*z. What are the prime factors of j(-6)?
2, 13
Suppose 383*n - 77336 = 369*n. What are the prime factors of n?
2, 1381
Suppose s = 5*n - 93, -14 = -2*n + 3*s + 18. Let c(a) = -a**2 + 21*a - 26. Let u be c(n). Let y = 32 + u. List the prime factors of y.
2, 11
Let o(l) = 59*l - 41. Let g be o(-11). Let q = g - -971. List the prime factors of q.
281
Let o = -457 + 852. Suppose -3*h - 4*t + o = 0, -4*h + 4*t = -0*h - 564. What are the prime factors of h?
137
Let q(o) = 24*o + 151. Let h be q(-6). Let p = 32 + h. List the prime factors of p.
3, 13
Let i be 5/(-8 - 2)*(-2 + -4). Let n(u) = 48*u**3 - 6*u. What are the prime factors of n(i)?
2, 3, 71
Let u = -167 - 0. Let f = 194 + u. List the prime factors of f.
3
Let h(c) = 13*c**2 + 14*c - 129. Let g be h(7). Suppose 4*q - g = -2*v + 284, v - 465 = 2*q. What are the prime factors of v?
5, 7, 13
Let l(w) = -w**3 - 17*w**2 + 19*w + 15. Let y be l(-18). What are the prime factors of 4184/72*y*(-3 - 0)?
523
Suppose -12*k - 876 = -13*k. Let g = -453 + k. What are the prime factors of g?
3, 47
Let x(g) = g**3 - 8*g**2 - 11*g - 12. Let k be x(9). Let i = 378 - k. What are the prime factors of i?
2, 3, 17
Let f(k) = -k. Let y be f(-1). What are the prime factors of (-2)/((4/8)/y)*-180?
2, 3, 5
Suppose -35*g = -39*g - 4. List the prime factors of (-909 + g)/((-38)/19).
5, 7, 13
Suppose 0 = x - 0*x + 3. Let d(s) = -40*s + 3. Let m be d(x). Suppose 3*b - 2*b + m = 4*w, 20 = 4*b. List the prime factors of w.
2
Let q be (-7 + 4)*(2 + -3). Suppose q*c + 7 = -3*i + 1, 3*c - 3*i - 18 = 0. Suppose -4*d + 192 = -c*t, -d = 5*t - 26 - 11. List the prime factors of d.
47
Let g = -156 - -92. Let i = 319 + -589. Let d = g - i. List the prime factors of d.
2, 103
Suppose 11408 = 3*d - 4*i - 18643, 5*i + 40067 = 4*d. List the prime factors of d.
17, 19, 31
Let o = 62 + -116. Let h(p) = -p**3 + 9*p**2 - 13*p - 1. Let u be h(7). What are the prime factors of u/(105/o + 2)?
2, 3
Let g = -59993 + 92651. What are the prime factors of g?
2, 3, 5443
Let f = 31 + -28. Let u be -3 + 699 + f - -1. What are the prime factors of 10/45 + u/9?
2, 3, 13
Suppose 53*q + 18*q = 393615 + 76760. What are the prime factors of q?
5, 53
Suppose 2*j + 5*v - 1 = 0, 65*v = 67*v - 2. What are the prime factors of -1 + 1284 + j/((-12)/(-30))?
2, 3, 71
Let o(v) = -4*v + 22*v**3 - 13*v**3 + 8*v**2 - 5 - 2 + 3*v**3. What are the prime factors of o(3)?
13, 29
List the prime factors of 3 + (15230 - -2) - (-17 - -14).
2, 19, 401
Let h = 350 - 545. Suppose 2*s - 6 = 5*s. List the prime factors of (h/(-2) - -2)